{"id":7,"date":"2014-03-27T22:27:58","date_gmt":"2014-03-27T22:27:58","guid":{"rendered":"https:\/\/profarte.com.br\/?page_id=7"},"modified":"2018-10-26T19:38:31","modified_gmt":"2018-10-26T19:38:31","slug":"o-grupo","status":"publish","type":"page","link":"https:\/\/profarte.com.br\/","title":{"rendered":"O GRUPO"},"content":{"rendered":"<h2 style=\"text-align: center;\"><\/h2>\n<p style=\"text-align: center;\">Fundado em <strong>1997<\/strong>, o grupo mant\u00e9m ininterrupta trajet\u00f3ria com espet\u00e1culos e interfer\u00eancias de palco e rua, criadas a partir de obras po\u00e9ticas mineiras, nacionais, cl\u00e1ssicos da dramaturgia universal, colagens e adapta\u00e7\u00f5es diversas. O grupo desenvolve uma linguagem, dialogando teatro, dan\u00e7a, m\u00fasica e elementos da cultura popular, especialmente a mineira. O coletivo \u00e9 formado por aproximadamente 25 integrantes de diferentes gera\u00e7\u00f5es, que desenvolvem n\u00e3o s\u00f3 as fun\u00e7\u00f5es de atua\u00e7\u00e3o e dire\u00e7\u00e3o, como tamb\u00e9m a cria\u00e7\u00e3o de cen\u00e1rio, figurino, prepara\u00e7\u00e3o vocal\/corporal, produ\u00e7\u00e3o e atividades formativas.<\/p>\n<h3 style=\"text-align: center;\"><strong> HIST\u00d3RICO <\/strong><\/h3>\n<p style=\"text-align: center;\"><strong>1997\/2014<br \/>\n<\/strong>Retrato de Mulher texto de Maria L\u00facia Barros Motti, dire\u00e7\u00e3o de\u00a0Wenceslau Coimbra;<\/p>\n<p style=\"text-align: center;\"><strong>1997<br \/>\n<\/strong>Romanceiro do Aleijadinho, texto de Stella Leonardos, dire\u00e7\u00e3o de\u00a0Wenceslau Coimbra;<\/p>\n<p style=\"text-align: center;\"><strong>1997<br \/>\n<\/strong>Bateia das Almas, texto de Vicente Aladim, dire\u00e7\u00e3o de\u00a0Wenceslau Coimbra;<\/p>\n<p style=\"text-align: center;\"><strong>1997<br \/>\n<\/strong>Brasileiro: Profiss\u00e3o, esperan\u00e7a! texto de Paulo Pontes, dire\u00e7\u00e3o de Wenceslau Coimbra;<\/p>\n<p style=\"text-align: center;\"><strong>1998<br \/>\n<\/strong>A bruxinha que era boa, texto de Maria Clara Machado, dire\u00e7\u00e3o de Wenceslau Coimbra;<\/p>\n<p style=\"text-align: center;\"><strong>2001<br \/>\n<\/strong>Infinito Instante texto de Jos\u00e9 Cimino, dire\u00e7\u00e3o de Regina Bahia;<\/p>\n<p style=\"text-align: center;\"><strong>2003<br \/>\n<\/strong>Natal de Esquina texto de Nereu Teixeira, dire\u00e7\u00e3o de Regina Bahia;<\/p>\n<p style=\"text-align: center;\"><strong>2005<br \/>\n<\/strong>\u00a0Morte e Vida Severina texto de Jo\u00e3o Cabral de Mello Neto, dire\u00e7\u00e3o de\u00a0Wenceslau Coimbra;<\/p>\n<p style=\"text-align: center;\"><strong>2006<br \/>\n<\/strong>De mineiro e louco, com mais um pouco, texto de Aguinaldo Tadeu,\u00a0dire\u00e7\u00e3o de Wenceslau Coimbra;<\/p>\n<p style=\"text-align: center;\"><strong>2007<br \/>\n<\/strong>O guarda-chuva preto texto de Ad\u00e9lia Prado, dire\u00e7\u00e3o de Wenceslau Coimbra;<\/p>\n<p style=\"text-align: center;\"><strong>2008<br \/>\n<\/strong>Lis\u00edstrata ou Vaginas em greve, texto de Arist\u00f3fanes, dire\u00e7\u00e3o Wenceslau Coimbra;<\/p>\n<p style=\"text-align: center;\"><strong>2008<br \/>\n<\/strong>Retalhos da Alma, texto de Terezinha Moreira, dire\u00e7\u00e3o Wenceslau Coimbra;<\/p>\n<p style=\"text-align: center;\"><strong>2009<br \/>\n<\/strong>Excertos do Romanceiro do Aleijadinho, texto de Stella Leonardos, dire\u00e7\u00e3o Wenceslau Coimbra;<\/p>\n<p style=\"text-align: center;\"><strong>2009<br \/>\n<\/strong>A Birra do Morto, texto de Vicente Sanches, dire\u00e7\u00e3o de Wenceslau Coimbra;<\/p>\n<p style=\"text-align: center;\"><strong>2009<br \/>\n<\/strong>O Prato Azul Pombinho, texto de Cora Coralina, dire\u00e7\u00e3o de Lu\u00edsa Bahia;<\/p>\n<p style=\"text-align: center;\"><strong>2010<br \/>\n<\/strong>\u00a0Brejo das Almas, texto de Carlos Drummond de Andrade, dire\u00e7\u00e3o Wenceslau Coimbra;<\/p>\n<p style=\"text-align: center;\"><strong>2010<br \/>\n<\/strong>O Caso do Vestido, texto de Carlos Drummond de Andrade, dire\u00e7\u00e3o Lu\u00edsa Bahia;<\/p>\n<p style=\"text-align: center;\"><strong>2010<br \/>\n<\/strong>Negro Sorriso, texto de Poetas Negros, dire\u00e7\u00e3o de Wenceslau Coimbra;<\/p>\n<p style=\"text-align: center;\"><strong>2010-2011<br \/>\n<\/strong>Apresenta\u00e7\u00e3o de Natal, Textos adaptados e dirigidos por Lu\u00edsa Bahia e Wenceslau Coimbra;<\/p>\n<p style=\"text-align: center;\"><strong>2011<br \/>\n<\/strong>O m\u00e9dico \u00e0 for\u00e7a, texto de Moli\u00e8re, dire\u00e7\u00e3o Wenceslau Coimbra;<\/p>\n<p style=\"text-align: center;\"><strong>2011-2013<br \/>\n<\/strong>Boi Lei\u00e7\u00e3o, texto de C\u00e2mara Cascudo, dire\u00e7\u00e3o de Lu\u00edsa Bahia;<\/p>\n<p style=\"text-align: center;\"><strong>2011<br \/>\n<\/strong>Ca\u00e7ando Fantasmas, texto de Marco T\u00falio Zerlotini, dire\u00e7\u00e3o Wenceslau Coimbra;<\/p>\n<p style=\"text-align: center;\"><strong>2012<br \/>\n<\/strong>Apareceu a Margarida, texto de Roberto Ata\u00edde, dire\u00e7\u00e3o Wenceslau Coimbra;<\/p>\n<p style=\"text-align: center;\"><strong>2013<br \/>\n<\/strong>Oh!Oh!Oh! Minas Gerais, texto de Jonas Bloch e Jota D\u2019\u00c2ngelo, dire\u00e7\u00e3o Wenceslau Coimbra;<\/p>\n<p style=\"text-align: center;\"><strong>2013<br \/>\n<\/strong>Um sonho de Carnaval, adapta\u00e7\u00e3o e dire\u00e7\u00e3o de Lu\u00edsa Bahia;<\/p>\n<p style=\"text-align: center;\"><strong>2013<br \/>\n<\/strong>D\u00e1 Pra Ajudar, texto de Marco T\u00falio Zerlotini, dire\u00e7\u00e3o Wenceslau Coimbra;<\/p>\n<p style=\"text-align: center;\"><strong>2013<br \/>\n<\/strong>Aleijadinho do Beco, constru\u00e7\u00e3o conjunta do elenco, dire\u00e7\u00e3o Marcelo Oliveira;<\/p>\n<p style=\"text-align: center;\"><strong>2013<br \/>\n<\/strong>Auto de Natal, adapta\u00e7\u00e3o e dire\u00e7\u00e3o de Wenceslau Coimbra;<\/p>\n<p style=\"text-align: center;\"><strong>2014<br \/>\n<\/strong>A Arte de ser feliz, cr\u00f4nica de Cec\u00edlia Meireles, dire\u00e7\u00e3o de Wenceslau Coimbra;<\/p>\n<p style=\"text-align: center;\"><strong>2014<br \/>\n<\/strong>As Desgra\u00e7as de uma crian\u00e7a, texto de Martins Pena, dire\u00e7\u00e3o de Wenceslau Coimbra;<\/p>\n<p style=\"text-align: center;\"><strong>2014<br \/>\n<\/strong>O Anivers\u00e1rio do Menino, adapta\u00e7\u00e3o e dire\u00e7\u00e3o de Wenceslau Coimbra;<\/p>\n<p style=\"text-align: center;\"><strong>2015<br \/>\n<\/strong>A Farsa do Advogado Jo\u00e3o Pestana, cria\u00e7\u00e3o coletiva e dire\u00e7\u00e3o de Lucas Emanuel;<\/p>\n<p style=\"text-align: center;\"><strong>\u00a0<\/strong><\/p>\n<p>&nbsp;<\/p>\n<p>&nbsp;<\/p>\n<h3 style=\"text-align: center;\"><strong>PREMIA\u00c7\u00d5ES: <\/strong><\/h3>\n<p style=\"text-align: center;\"><strong>2006 \u201c MORTE E VIDA SEVERINA\u201d<\/strong><\/p>\n<p style=\"text-align: center;\"><strong>FESTIVAL LAFAIETE 2006<\/strong><br \/>\n. Atriz Coadjuvante: Lu\u00edsa Bahia<br \/>\n. Melhor espet\u00e1culo: \u201cMorte e Vida Severina\u201d<br \/>\n. Melhor dire\u00e7\u00e3o: Wenceslau Coimbra<\/p>\n<p style=\"text-align: center;\"><strong>FESTIVAL VARGINHA 2006<\/strong><br \/>\n. Melhor trilha sonora: \u201cMorte e Vida Severina\u201d<br \/>\n. 2\u00ba melhor figurino: \u201cMorte e Vida Severina\u201d<br \/>\n. 3\u00ba melhor ator: Lucio Rosa<br \/>\n. 3\u00ba melhor diretor: Wenceslau Coimbra<br \/>\n. 3\u00ba melhor espet\u00e1culo: \u201cMorte e Vida Severina\u201d<br \/>\n. Excel\u00eancia profissional: Boca de Cena<\/p>\n<p style=\"text-align: center;\"><strong><br \/>\n2007 \u201c O GUARDA-CHUVA PRETO\u201d<\/strong><\/p>\n<p style=\"text-align: center;\"><strong>FESTIVAL LAFAIETE 2007<\/strong><br \/>\n. Melhor atriz coadjuvante: M\u00edriam Athaydes<br \/>\n. Melhor atriz: Lu\u00edsa Bahia<br \/>\n. Melhor dire\u00e7\u00e3o: Wenceslau Coimbra<br \/>\n. Melhor espet\u00e1culo: \u201cO guarda-chuva preto\u201d<\/p>\n<p style=\"text-align: center;\"><strong>FESTIVAL VARGINHA 2007<\/strong><br \/>\n. Atriz revela\u00e7\u00e3o: Lu\u00edsa Bahia<br \/>\n. Melhor Diretor: Wenceslau Coimbra<br \/>\n. 2\u00ba melhor espet\u00e1culo: \u201cO guarda-chuva preto\u201d<br \/>\n. 2\u00aa melhor atriz: Regina Bahia<br \/>\n. 3\u00aa melhor atriz: Carmem C\u00e9lia Gomes<br \/>\n. 3\u00aa melhor trilha sonora: \u201cO guarda-chuva preto\u201d<\/p>\n<p style=\"text-align: center;\"><strong>FESTIVAL GOVERNARDOR VALADARES 2007<\/strong><br \/>\n. Melhor ilumina\u00e7\u00e3o: \u201cO guarda-chuva preto\u201d<br \/>\n. Melhor figurino: \u201cO guarda-chuva preto\u201d<br \/>\n.Melhor espet\u00e1culo: \u201cO guarda-chuva preto\u201d<br \/>\n. Melhor atriz: Lu\u00edsa Bahia<br \/>\n. Melhor diretor: Wenceslau Coimbra<br \/>\n. Melhor conjunto: O guarda-chuva preto\u201d<\/p>\n<p style=\"text-align: center;\"><strong><br \/>\n2008 \u201cLIS\u00cdSTRATA OU VAGINAS EM GREVE\u201d<\/strong><\/p>\n<p style=\"text-align: center;\"><strong>FESTIVALLAFAIETE 2008<\/strong><br \/>\nV\u00c1RIAS INDICA\u00c7\u00d5ES SEM PREMIA\u00c7\u00d5ES<\/p>\n<p style=\"text-align: center;\"><strong><br \/>\n2009 \u201cA BIRRA DO MORTO\u201d<\/strong><\/p>\n<p style=\"text-align: center;\"><strong>FESTIVAL LAFAIETE 2009<\/strong><br \/>\n. Melhor espet\u00e1culo: A Birra do morto<br \/>\n. Melhor Diretor: Wenceslau Coimbra<br \/>\n. Melhor ator coadjuvante: Hudson Raony<br \/>\n. Melhor atriz coadjuvante: Regina Bahia<\/p>\n<p style=\"text-align: center;\"><strong><br \/>\n2012 \u201c O PRATO AZUL POMBINHO<\/strong><\/p>\n<p style=\"text-align: center;\"><strong>FETO \u2013 FESTIVAL ESTUDANTIL DE TEATRO DE BELO HORIZONTE &#8211; 2012<\/strong><br \/>\nDestaques para o processo de cria\u00e7\u00e3o, a pesquisa e encena\u00e7\u00e3o.<br \/>\nDIRE\u00c7\u00c3O: Lu\u00edsa Bahia<\/p>\n<p style=\"text-align: center;\"><strong>MO\u00c7\u00d5ES DE APLAUSO PELA C\u00c2MARA MUNICIPAL DE CONGONHAS:<\/strong><\/p>\n<p style=\"text-align: center;\">INFINITO INSTANTE \u2013 JOS\u00c9 CIMINO<br \/>\nRETRATO DE MULHER \u2013 MARIA LUCIA BARROS MOTTI<br \/>\nUM SONHO DE CARNAVAL \u2013 ADAPTA\u00c7\u00c3O LU\u00cdSA BAHIA<br \/>\nXVI ANO DE ATIVIDADES DO BOCA DE CENA<\/p>\n","protected":false},"excerpt":{"rendered":"<p>Fundado em 1997, o grupo mant\u00e9m ininterrupta trajet\u00f3ria com espet\u00e1culos e interfer\u00eancias de palco e rua, criadas a partir de obras po\u00e9ticas mineiras, nacionais, cl\u00e1ssicos da dramaturgia universal, colagens e adapta\u00e7\u00f5es diversas. O grupo desenvolve uma linguagem, dialogando teatro, dan\u00e7a, m\u00fasica e elementos da cultura popular, especialmente a mineira. O coletivo \u00e9 formado por aproximadamente<a class=\"read-more \" href=\"https:\/\/profarte.com.br\/\" title=\"Leia Mais\"> <span class=\"button default\">Leia Mais<\/span><\/a><\/p>\n","protected":false},"author":1,"featured_media":244,"parent":0,"menu_order":1,"comment_status":"open","ping_status":"open","template":"","meta":{"footnotes":""},"class_list":["post-7","page","type-page","status-publish","has-post-thumbnail","hentry"],"_links":{"self":[{"href":"https:\/\/profarte.com.br\/index.php?rest_route=\/wp\/v2\/pages\/7","targetHints":{"allow":["GET"]}}],"collection":[{"href":"https:\/\/profarte.com.br\/index.php?rest_route=\/wp\/v2\/pages"}],"about":[{"href":"https:\/\/profarte.com.br\/index.php?rest_route=\/wp\/v2\/types\/page"}],"author":[{"embeddable":true,"href":"https:\/\/profarte.com.br\/index.php?rest_route=\/wp\/v2\/users\/1"}],"replies":[{"embeddable":true,"href":"https:\/\/profarte.com.br\/index.php?rest_route=%2Fwp%2Fv2%2Fcomments&post=7"}],"version-history":[{"count":11,"href":"https:\/\/profarte.com.br\/index.php?rest_route=\/wp\/v2\/pages\/7\/revisions"}],"predecessor-version":[{"id":526,"href":"https:\/\/profarte.com.br\/index.php?rest_route=\/wp\/v2\/pages\/7\/revisions\/526"}],"wp:featuredmedia":[{"embeddable":true,"href":"https:\/\/profarte.com.br\/index.php?rest_route=\/wp\/v2\/media\/244"}],"wp:attachment":[{"href":"https:\/\/profarte.com.br\/index.php?rest_route=%2Fwp%2Fv2%2Fmedia&parent=7"}],"curies":[{"name":"wp","href":"https:\/\/api.w.org\/{rel}","templated":true}]}}