{"id":66,"date":"2014-07-27T20:01:52","date_gmt":"2014-07-27T20:01:52","guid":{"rendered":"https:\/\/profarte.com.br\/?page_id=66"},"modified":"2014-12-03T18:54:28","modified_gmt":"2014-12-03T18:54:28","slug":"retrato-de-mulher","status":"publish","type":"page","link":"https:\/\/profarte.com.br\/?page_id=66","title":{"rendered":"RETRATO DE MULHER"},"content":{"rendered":"<div id=\"metaslider-id-212\" style=\"max-width: 860px;\" class=\"ml-slider-3-103-0 metaslider metaslider-flex metaslider-212 ml-slider has-dots-nav ms-theme-default\" role=\"region\" aria-label=\"retrato de mulher\" data-height=\"320\" data-width=\"860\">\n    <div id=\"metaslider_container_212\">\n        <div id=\"metaslider_212\">\n            <ul class='slides'>\n                <li style=\"display: block; width: 100%;\" class=\"slide-213 ms-image \" aria-roledescription=\"slide\" data-date=\"2014-12-03 18:52:33\" data-slide-type=\"image\"><img loading=\"lazy\" decoding=\"async\" src=\"https:\/\/profarte.com.br\/wp-content\/uploads\/2014\/12\/IMG_1132-860x320.jpg\" height=\"320\" width=\"860\" alt=\"\" class=\"slider-212 slide-213 msDefaultImage\" \/><\/li>\n                <li style=\"display: none; width: 100%;\" class=\"slide-214 ms-image \" aria-roledescription=\"slide\" data-date=\"2014-12-03 18:52:41\" data-slide-type=\"image\"><img loading=\"lazy\" decoding=\"async\" src=\"https:\/\/profarte.com.br\/wp-content\/uploads\/2014\/12\/IMG_1136-860x320.jpg\" height=\"320\" width=\"860\" alt=\"\" class=\"slider-212 slide-214 msDefaultImage\" \/><\/li>\n                <li style=\"display: none; width: 100%;\" class=\"slide-215 ms-image \" aria-roledescription=\"slide\" data-date=\"2014-12-03 18:52:44\" data-slide-type=\"image\"><img loading=\"lazy\" decoding=\"async\" src=\"https:\/\/profarte.com.br\/wp-content\/uploads\/2014\/12\/IMG_1137-860x320.jpg\" height=\"320\" width=\"860\" alt=\"\" class=\"slider-212 slide-215 msDefaultImage\" \/><\/li>\n            <\/ul>\n        <\/div>\n        \n    <\/div>\n<\/div>\n<p><strong>Sinopse<\/strong><\/p>\n<p>O Retrato de Mulher \u00e9 um espet\u00e1culo que retrata a opress\u00e3o e a explora\u00e7\u00e3o da mulher, desde a coloniza\u00e7\u00e3o portuguesa.<br \/>\n\u00c9 um texto cujo conte\u00fado faz a mulher pensar em suas lutas contra o preconceito racial, financeiro, social e cultural.<br \/>\nTraz \u00e0 realidade todas as formas de tortura moral, f\u00edsica que j\u00e1 sofreu a mulher e que ainda sofre quer seja no trabalho ou mesmo em casa.<br \/>\n\u00c9 um texto reflexivo e instigante. De forma direta e objetiva mostra como a mulher ainda precisa se dar o respeito e provocar nos homens uma urgente mudan\u00e7a.<\/p>\n<p><strong>Apresenta\u00e7\u00e3o<\/strong><\/p>\n<p>Com o texto de Maria Lucia Barros Motti, o espet\u00e1culo \u201cRetrato de Mulher\u201d, \u00e9 pe\u00e7a mais antiga e mais apresentada pelo Grupo Boca de Cena. Criada no ano de 1997, foi montada para se apresentar no Dia Nacional da Mulher, que \u00e9 comemorado todo dia 30 de abril. E desde ent\u00e3o est\u00e1 sempre sendo apresentada em eventos, dentro e fora da cidade, al\u00e9m de escolas e pra\u00e7as.<\/p>\n<p><strong>Ficha T\u00e9cnica:<\/strong><\/p>\n<p><strong>Dire\u00e7\u00e3o e prepara\u00e7\u00e3o dos atores:<\/strong> Wenceslau Coimbra<br \/>\n<strong>Elenco original:<\/strong> \u00c2ngela Bento, Regina Bahia, Alice Br\u00edgida, Ros\u00e2ngela Cristina, Dinorah Sabar\u00e1 e Carmem Celia.<br \/>\n<strong>Figurinos e objetos de cena<\/strong>: Thyago Freitas.<br \/>\nPode ser realizado em palco ou espa\u00e7o aberto.<br \/>\n<strong>Dura\u00e7\u00e3o:<\/strong> 20 a 30 minutos.<br \/>\n<strong>Realiza\u00e7\u00e3o:<\/strong> Grupo Boca de Cena | Instituto Profarte.<\/p>\n","protected":false},"excerpt":{"rendered":"<p>Sinopse O Retrato de Mulher \u00e9 um espet\u00e1culo que retrata a opress\u00e3o e a explora\u00e7\u00e3o da mulher, desde a coloniza\u00e7\u00e3o portuguesa. \u00c9 um texto cujo conte\u00fado faz a mulher pensar em suas lutas contra o preconceito racial, financeiro, social e cultural. Traz \u00e0 realidade todas as formas de tortura moral, f\u00edsica que j\u00e1 sofreu a<a class=\"read-more \" href=\"https:\/\/profarte.com.br\/?page_id=66\" title=\"Leia Mais\"> <span class=\"button default\">Leia Mais<\/span><\/a><\/p>\n","protected":false},"author":1,"featured_media":0,"parent":0,"menu_order":0,"comment_status":"open","ping_status":"open","template":"","meta":{"footnotes":""},"class_list":["post-66","page","type-page","status-publish","hentry"],"_links":{"self":[{"href":"https:\/\/profarte.com.br\/index.php?rest_route=\/wp\/v2\/pages\/66","targetHints":{"allow":["GET"]}}],"collection":[{"href":"https:\/\/profarte.com.br\/index.php?rest_route=\/wp\/v2\/pages"}],"about":[{"href":"https:\/\/profarte.com.br\/index.php?rest_route=\/wp\/v2\/types\/page"}],"author":[{"embeddable":true,"href":"https:\/\/profarte.com.br\/index.php?rest_route=\/wp\/v2\/users\/1"}],"replies":[{"embeddable":true,"href":"https:\/\/profarte.com.br\/index.php?rest_route=%2Fwp%2Fv2%2Fcomments&post=66"}],"version-history":[{"count":3,"href":"https:\/\/profarte.com.br\/index.php?rest_route=\/wp\/v2\/pages\/66\/revisions"}],"predecessor-version":[{"id":217,"href":"https:\/\/profarte.com.br\/index.php?rest_route=\/wp\/v2\/pages\/66\/revisions\/217"}],"wp:attachment":[{"href":"https:\/\/profarte.com.br\/index.php?rest_route=%2Fwp%2Fv2%2Fmedia&parent=66"}],"curies":[{"name":"wp","href":"https:\/\/api.w.org\/{rel}","templated":true}]}}