{"id":22,"date":"2014-05-06T22:57:23","date_gmt":"2014-05-06T22:57:23","guid":{"rendered":"https:\/\/profarte.com.br\/?page_id=22"},"modified":"2018-01-31T20:05:23","modified_gmt":"2018-01-31T20:05:23","slug":"repertorio","status":"publish","type":"page","link":"https:\/\/profarte.com.br\/?page_id=22","title":{"rendered":"Repert\u00f3rio"},"content":{"rendered":"<p>[ezcol_1third]<a href=\"https:\/\/profarte.com.br\/?page_id=60\"><img loading=\"lazy\" decoding=\"async\" class=\"alignleft size-full wp-image-138\" src=\"https:\/\/profarte.com.br\/wp-content\/uploads\/2015\/01\/BirraMorto-23.jpg\" alt=\"A birra do morto\" width=\"250\" height=\"180\" \/><\/a><\/p>\n<h3><\/h3>\n<h3><\/h3>\n<h3><\/h3>\n<h3>A birra do Morto<\/h3>\n<p>Todo mundo\u00a0fez ou faz sua\u00a0birra: presidentes e\u00a0governadores\u00a0fazem, prefeitos e vereadores fazem, estudantes e professores fazem, artistas e religiosos fazem. Pensando\u00a0bem, at\u00e9 as crian\u00e7as fazem teima. Vivemos e morremos fazendo birras&#8230; [\/ezcol_1third] [ezcol_1third]<\/p>\n<p><img loading=\"lazy\" decoding=\"async\" class=\"alignleft size-full wp-image-138\" src=\"https:\/\/profarte.com.br\/wp-content\/uploads\/2014\/07\/04.jpg\" alt=\"D\u00e1 para ajudar\" width=\"250\" height=\"180\" \/><\/p>\n<p>&nbsp;<\/p>\n<p>&nbsp;<\/p>\n<p>&nbsp;<\/p>\n<p>&nbsp;<\/p>\n<p>&nbsp;<\/p>\n<p><strong>D\u00e1 para ajudar<\/strong><\/p>\n<p>&nbsp;<\/p>\n<p>\u201cD\u00e1 pra ajudar\u201d prop\u00f5e, de forma divertida, uma discuss\u00e3o com a plateia sobre o papel de cada um: cidad\u00e3o, entidades p\u00fablicas e privadas, sobre os efeitos do consumo no nosso dia a dia.\u00a0[\/ezcol_1third_end]<\/p>\n<p>[ezcol_1third]<a href=\"https:\/\/profarte.com.br\/?page_id=62\"><img loading=\"lazy\" decoding=\"async\" class=\"alignleft size-full wp-image-138\" src=\"https:\/\/profarte.com.br\/wp-content\/uploads\/2015\/01\/capa1.jpg\" alt=\"Boi-lei\u00e7\u00e3o\" width=\"250\" height=\"180\" \/><\/a><\/p>\n<h3><\/h3>\n<h3><\/h3>\n<h3><\/h3>\n<h3>O Boi-lei\u00e7\u00e3o<\/h3>\n<p>Dois fazendeiros resolvem p\u00f4r \u00e0 prova a honestidade de um vaqueiro que nunca mente. Por amor a uma bela mo\u00e7a, o vaqueiro mata o Boi Lei\u00e7\u00e3o, xod\u00f3 do seu patr\u00e3o, e tem de\u00a0decidir como dar a not\u00edcia a ele\u2026\u00a0[\/ezcol_1third]<\/p>\n<p>[ezcol_1third]<\/p>\n<p><a href=\"https:\/\/profarte.com.br\/?page_id=66\"><img loading=\"lazy\" decoding=\"async\" class=\"alignleft size-full wp-image-138\" src=\"https:\/\/profarte.com.br\/wp-content\/uploads\/2015\/01\/capa.jpg\" alt=\"Retrato de Mulher\" width=\"250\" height=\"180\" \/><\/a><\/p>\n<h3><\/h3>\n<h3><\/h3>\n<h3><\/h3>\n<h3><\/h3>\n<h3>Retrato de mulher<\/h3>\n<p>O Retrato de Mulher \u00e9 um espet\u00e1culo que retrata a opress\u00e3o e a explora\u00e7\u00e3o da mulher, desde a coloniza\u00e7\u00e3o portuguesa.<br \/>\n\u00c9 um texto cujo conte\u00fado faz a mulher pensar em suas lutas contra o preconceito racial, financeiro, social e cultural&#8230;[\/ezcol_1third_end]<\/p>\n<p>&nbsp;<\/p>\n<p>[ezcol_1third]<\/p>\n<p>&nbsp;<\/p>\n","protected":false},"excerpt":{"rendered":"<p>[ezcol_1third] A birra do Morto Todo mundo\u00a0fez ou faz sua\u00a0birra: presidentes e\u00a0governadores\u00a0fazem, prefeitos e vereadores fazem, estudantes e professores fazem, artistas e religiosos fazem. Pensando\u00a0bem, at\u00e9 as crian\u00e7as fazem teima. Vivemos e morremos fazendo birras&#8230; [\/ezcol_1third] [ezcol_1third] &nbsp; &nbsp; &nbsp; &nbsp; &nbsp; D\u00e1 para ajudar &nbsp; \u201cD\u00e1 pra ajudar\u201d prop\u00f5e, de forma divertida, uma discuss\u00e3o<a class=\"read-more \" href=\"https:\/\/profarte.com.br\/?page_id=22\" title=\"Leia Mais\"> <span class=\"button default\">Leia Mais<\/span><\/a><\/p>\n","protected":false},"author":1,"featured_media":106,"parent":0,"menu_order":0,"comment_status":"open","ping_status":"open","template":"","meta":{"footnotes":""},"class_list":["post-22","page","type-page","status-publish","has-post-thumbnail","hentry"],"_links":{"self":[{"href":"https:\/\/profarte.com.br\/index.php?rest_route=\/wp\/v2\/pages\/22","targetHints":{"allow":["GET"]}}],"collection":[{"href":"https:\/\/profarte.com.br\/index.php?rest_route=\/wp\/v2\/pages"}],"about":[{"href":"https:\/\/profarte.com.br\/index.php?rest_route=\/wp\/v2\/types\/page"}],"author":[{"embeddable":true,"href":"https:\/\/profarte.com.br\/index.php?rest_route=\/wp\/v2\/users\/1"}],"replies":[{"embeddable":true,"href":"https:\/\/profarte.com.br\/index.php?rest_route=%2Fwp%2Fv2%2Fcomments&post=22"}],"version-history":[{"count":10,"href":"https:\/\/profarte.com.br\/index.php?rest_route=\/wp\/v2\/pages\/22\/revisions"}],"predecessor-version":[{"id":482,"href":"https:\/\/profarte.com.br\/index.php?rest_route=\/wp\/v2\/pages\/22\/revisions\/482"}],"wp:featuredmedia":[{"embeddable":true,"href":"https:\/\/profarte.com.br\/index.php?rest_route=\/wp\/v2\/media\/106"}],"wp:attachment":[{"href":"https:\/\/profarte.com.br\/index.php?rest_route=%2Fwp%2Fv2%2Fmedia&parent=22"}],"curies":[{"name":"wp","href":"https:\/\/api.w.org\/{rel}","templated":true}]}}